
Let i be 3 - 306/11 - 14/77. Let n = -5 - i. What is the tens digit of (-75)/(5/n*-3)?
0
Suppose 4*l + 3*t - 1712 = 0, 4*t + 1255 = 3*l - t. Suppose 424*j + 205 = l*j. What is the units digit of j?
5
Suppose -24961 = -4*j + 30119. What is the units digit of j?
0
Let u(h) = 610*h + 171. What is the tens digit of u(4)?
1
Let k = -503 + -459. Let m = k + 1360. What is the tens digit of m?
9
Suppose -193 = -2*x + 727. Suppose -x = -0*u - u - 3*a, -5*a = 5*u - 2250. What is the hundreds digit of u?
4
Suppose 412*d = 493*d - 3024216. What is the hundreds digit of d?
3
Suppose 9*a - 10 = -37. Let j be (-1 + a*3)*35/(-10). Let q = 171 - j. What is the hundreds digit of q?
1
Suppose 114*r - 16*r = 686. Let h = 138 + 267. Suppose 12*k - h = r*k. What is the units digit of k?
1
What is the tens digit of 5574/(-4)*((-49)/21 - 1)?
4
Let o(u) = -u**3 - 12*u**2 - 7*u - 77. Let t be o(-12). What is the hundreds digit of 545*1 - (8 - t - -4)?
5
What is the thousands digit of ((-75)/(-4) + 2)/((-15)/(-780))?
1
Suppose -3*q - 5*l = -29369, 3*q - 78*l - 29389 = -79*l. What is the thousands digit of q?
9
Let w = 14852 - 1357. What is the hundreds digit of w?
4
Let r(n) = 8*n**3 - 8*n**2 - 16*n - 5. Let f be r(7). What is the hundreds digit of 39/65*(f*-1)/(-1)?
3
Suppose 225 + 225 = 25*m. Suppose m*c - 11522 = 2590. What is the tens digit of c?
8
Let h(m) = m**3 - 4*m**2 + 3*m - 1. Let u be h(2). Let a be 1*(u + -136)*-1. Suppose 5*g - 69 = -x + 38, -x + 3*g + a = 0. What is the hundreds digit of x?
1
Let n be 0 + -1 + 1109/(-2)*2. What is the tens digit of -1*8/(48/n)?
8
Suppose -4*o - 5*i + 2037 = 0, 0 = 3*o + o - i - 2055. Suppose -2*x + 408 = 2*t, 4*t = -x + 318 + o. What is the units digit of t?
9
Let l(s) = -119*s - 182. Let j(f) = f**3 - 37*f**2 - f + 28. Let z be j(37). What is the units digit of l(z)?
9
Suppose -9*q - t + 5 = -8*q, -3*q + 18 = 4*t. What is the units digit of 2752/6 - (q + (-20)/15)?
8
Let q be 9 - 3 - 5 - (385 - 1). Let p = 1303 + q. What is the tens digit of ((-15)/((-375)/p))/((-4)/(-10))?
9
Let r(n) = -4*n**3 - 13*n**2 - 9*n + 7. Suppose 0 = 10*x + 71 - 21. What is the tens digit of r(x)?
2
Let z = 1319 - 779. Let n = z + -216. Suppose -n = -6*v + 396. What is the tens digit of v?
2
Let s(c) = -c**3 + 9*c**2 + c - 4. Let z = -44 - -53. Let u be s(z). Suppose -4*d - 91 = -t + 14, -376 = -4*t + u*d. What is the tens digit of t?
8
Let p = -4761 + 12641. What is the thousands digit of p?
7
What is the units digit of 4/22*15359949/162?
9
Let r = 1834 - 1050. Suppose -2*y + 5*p + r = 0, 4*y - 1817 + 275 = -3*p. What is the hundreds digit of y?
3
Suppose 142581 = 5*n - 3*k, 12*n = 8*n - 2*k + 114100. What is the thousands digit of n?
8
Let l = -232 + 236. Suppose -4*t - l*b = -808, 0 = 5*t - 10*b + 7*b - 970. What is the hundreds digit of t?
1
Suppose -49*v + 232*v = 2789469. What is the ten thousands digit of v?
1
Suppose -3 = -d, 2*d + 10 - 988 = -3*r. Let l = r + 114. What is the tens digit of l?
3
Let a be ((-4)/(-6))/((-4)/(-516)). Suppose 0 = 2*w + 5*m + 89, 0 = -6*w + 3*w + 3*m - 102. Let c = a + w. What is the units digit of c?
9
Let x = -408 - -679. Suppose -x = o - 786. What is the tens digit of o?
1
Let x(o) = 71*o + 84. Let i be x(8). Suppose 2*k + 4*a - i = 0, -k + 656 = k + 2*a. What is the units digit of k?
0
Suppose -100*n - 285715 = -726315. What is the units digit of n?
6
Suppose -3*l + 52416 = 25*y - 29*y, 2*l - 34967 = -5*y. What is the ten thousands digit of l?
1
Suppose 0 = -c - 4*i + 24, 4*c - 8 = -4*i + 28. Let n(f) = -3*f**2 - 2*f + 6. Let s be n(c). Let v = -35 - s. What is the tens digit of v?
1
Suppose -2*k + 3*f + 59928 = 0, -5*k - 4510*f + 149870 = -4505*f. What is the thousands digit of k?
9
Suppose 0 = -135*t + 740654 + 880696. What is the hundreds digit of t?
0
Suppose 56*b - 21*b = -11*b + 314778. What is the hundreds digit of b?
8
Let u = 644 + -355. Suppose 0 = 45*o - 44*o - u. What is the units digit of o?
9
Let q = -17135 + 30102. What is the hundreds digit of q?
9
Let p(t) = t - 18. Let n be p(5). Let u(k) be the second derivative of k**4/12 + 2*k**3 + 17*k**2/2 - 8*k. What is the tens digit of u(n)?
3
Let k(a) = -a**2 - a + 20. Let u(s) = s**3 - 13*s**2 + 12*s - 6. Let i be u(12). Let m be k(i). What is the units digit of (1 - (-5)/m)/((-2)/(-352))?
8
Let i(s) = 18*s**2 - 3*s - 3. Let f be i(-1). Suppose -m = -f - 113. What is the tens digit of m?
3
Suppose -22 = 4*g - 42. Let s(w) = -w**3 + 3*w**2 + 11*w + 1. Let o be s(g). What is the units digit of ((-237)/6)/((-3)/o)?
9
Let w(h) = h**2 - 40*h + 12. Let u be w(40). Let t(y) = -y**3 + 12*y**2 + 11*y - 24. What is the units digit of t(u)?
8
Suppose -15736 = -5*t + 4*k + 2152, -3*t + 10779 = -9*k. What is the hundreds digit of t?
5
Let b(x) = 2*x - 31. Let n be b(18). Suppose 170 - 45 = -n*q. Let c = q - -34. What is the units digit of c?
9
Let x = -20 + -57. Let s = 59 + x. What is the units digit of 0 - (-462)/4 - 9/s?
6
Suppose i + 55 = 6*i. Suppose -5*f + i*f - 480 = 0. Suppose f = 2*g - 92. What is the tens digit of g?
8
Let b(v) = 1 - 6*v**3 - v + 7*v**3 - v**2 + 0*v**2. Let g(z) = 5*z**3 - z**2 - z - 2. Let t(p) = 4*b(p) - g(p). What is the units digit of t(-5)?
1
Let b(d) = 173*d + 681. What is the hundreds digit of b(26)?
1
Suppose r - 85 = 131. Let v = -71 + r. What is the tens digit of v?
4
Suppose -n - 4274 = -8*p + 5*p, -2*n - 1428 = -p. Suppose 2881 = 5*b - p. What is the tens digit of b?
6
Suppose -36*l = -45 - 27. What is the hundreds digit of (-21 - -18)/(1646/(-820) + l)?
4
Suppose 0 = -4*z - 4*n + 12 - 0, -2*z + n + 3 = 0. Let i(u) = -14*u + 17*u + 5*u**z - 9*u - 10 - 2*u**3. What is the units digit of i(-4)?
2
Let l = -8070 + 12449. What is the thousands digit of l?
4
Suppose -5*u - 42*f + 10 = -38*f, -f + 1 = u. Suppose -36 - 36 = -u*x. What is the units digit of x?
2
Suppose 0 = 23*c - 19*c - 9568. Suppose 2*m - c = -2*m - p, -619 = -m + 5*p. What is the hundreds digit of m?
5
Suppose 5221*z - 1472526 = 5167*z. What is the units digit of z?
9
Let n = 345 - -139. Let q = n - -296. What is the tens digit of q?
8
Let s = 1773 - 2658. Let o = 1270 + s. What is the tens digit of o?
8
What is the thousands digit of 10 + (-325)/20 + 7 + (-12481)/(-4)?
3
Let x(b) = 2632*b**2 - 14*b - 24. What is the ten thousands digit of x(-2)?
1
Suppose -20*b + 14*b = 0. What is the hundreds digit of (-41)/(-41)*(b - -816)?
8
Suppose -10*o + 22 - 2 = 0. Suppose o*p + p - 1182 = 0. Let t = p + -230. What is the hundreds digit of t?
1
Suppose -72*w + 74*w = -2*h + 16, 2*w - 25 = -5*h. Let m(g) be the first derivative of 9*g**2/2 + 15*g - 1. What is the tens digit of m(w)?
6
Suppose 0 = 2*s - 5*s + 12, -3*s + 16 = -o. Let q(n) = -18*n**2 - 2. Let g(h) = 17*h**2 + 2. Let b(a) = o*q(a) - 3*g(a). What is the tens digit of b(-2)?
8
Suppose -4*v + 2*u = -3*v - 1803, -4*v + 5*u + 7206 = 0. Let w = 2602 - v. What is the tens digit of w?
0
Let p = -6971 + 12076. What is the hundreds digit of p?
1
Let a(b) = -8*b + 172. Let m be a(21). Suppose -3*r = -r - 5*z - 1231, r - 635 = -m*z. What is the hundreds digit of r?
6
Let o be ((-14)/3 - 5)*-3 - 5. What is the tens digit of 1055 - (o/(-4) + 6)?
5
Let m = -6664 + 16415. What is the units digit of m?
1
Suppose 2*m - 4*l - 4408 = 12622, -5*l = 10. What is the thousands digit of m?
8
Let l be ((-5)/(-10))/((-6)/(-56))*6. Let c be (4/14)/((1 - -1)/l). What is the tens digit of -3 + -2 + c/((-12)/(-429))?
3
Suppose t = -3*c + 26, 0 = t - 2*t - 4*c + 29. Suppose -4*r + r + 1 = -4*w, -t = -5*r - w. Suppose -r*p + 106 + 113 = 0. What is the tens digit of p?
7
Suppose 3*n + 2*n - 410 = 0. Let y = 31 - -18. Let f = n - y. What is the tens digit of f?
3
Let s(z) = -3*z**2 - 10*z - 10. Let h be s(-6). Suppose -7*f = 3*f - 1550. Let u = f + h. What is the units digit of u?
7
Suppose -37*a + 6*j + 1810 = -35*a, 2*j = a - 900. What is the tens digit of a?
9
Suppose 0 = 4*z - 3*r - 30252, -12 = 7*r - 4*r. What is the tens digit of z?
6
Suppose -25 = 3*j - 8*j. Suppose -3*l + j*l - w - 3 = 0, -5*w = -15. Suppose 64 = l*o - 32. What is the tens digit of o?
3
Let o(m) = 5050*m**2 + 661*m - 7. What is the tens digit of o(-4)?
4
Suppose -3*w + 180 = -2*y, -3*y - 9 = -6*y. Let n = w + -56. Suppose n*a + 444 = 9*a. What is the units d